
False
Is 36 a factor of 722271312?
True
Does 4 divide 738453602?
False
Does 161 divide 41515702?
False
Is 373 a factor of 1293607206?
False
Is 36 a factor of 8414028?
True
Does 213 divide 24257528?
False
Is 596663445 a multiple of 21?
True
Is 317 a factor of 634220949?
True
Is 397 a factor of 195388137?
False
Does 31 divide 454849809?
False
Is 90 a factor of 70016822?
False
Is 6 a factor of 166948008?
True
Does 16 divide 1266261568?
True
Is 226230717 a multiple of 1945?
False
Is 145505440 a multiple of 20?
True
Does 5 divide 765174681?
False
Does 1711 divide 224647891?
False
Does 8 divide 410324208?
True
Is 200949951 a multiple of 71?
True
Is 3577498611 a multiple of 116?
False
Is 458625201 a multiple of 3431?
True
Is 1004268485 a multiple of 19?
False
Is 362 a factor of 3661411782?
False
Does 22 divide 1607859974?
False
Is 3990201511 a multiple of 353?
True
Does 7 divide 13190501?
False
Is 405 a factor of 30278610?
True
Does 101 divide 9535208?
True
Does 10 divide 1471690?
True
Does 9 divide 42394788?
True
Is 2157 a factor of 1782835995?
True
Is 242041158 a multiple of 2633?
True
Does 5257 divide 1649488890?
True
Does 45 divide 2751131880?
True
Does 537 divide 238317915?
True
Is 11 a factor of 316977780?
False
Does 11 divide 441491156?
False
Is 59 a factor of 27293590?
False
Is 92089127 a multiple of 2680?
False
Does 2558 divide 2117613411?
False
Does 111 divide 158900940?
True
Does 42 divide 1137330768?
True
Is 44 a factor of 83062171?
False
Is 231139250 a multiple of 13?
False
Is 355 a factor of 1930381555?
False
Is 2052 a factor of 121308827?
False
Is 509089403 a multiple of 2?
False
Is 337337386 a multiple of 1917?
False
Is 287807014 a multiple of 65?
False
Is 442067868 a multiple of 36?
True
Does 534 divide 20092565?
False
Does 371 divide 323701073?
False
Does 564 divide 22243485?
False
Is 1033361535 a multiple of 1322?
False
Does 137 divide 280222129?
True
Is 942383148 a multiple of 1265?
False
Does 340 divide 456265720?
True
Does 6 divide 5633476?
False
Does 3484 divide 798945273?
False
Is 637 a factor of 349358828?
True
Is 83477827 a multiple of 1893?
False
Is 3575416 a multiple of 28?
False
Does 1040 divide 305120903?
False
Is 40981416 a multiple of 4?
True
Is 12542 a factor of 1375443514?
True
Is 53 a factor of 37694607?
True
Is 148898 a multiple of 1945?
False
Is 274 a factor of 18087836?
True
Is 101 a factor of 185291779?
False
Does 32 divide 26026826?
False
Does 108 divide 16498750?
False
Is 495974 even?
True
Does 13 divide 28107676?
False
Does 2993 divide 161666895?
True
Is 8398329 a multiple of 3?
True
Does 303 divide 1081767873?
True
Is 67 a factor of 132702082?
False
Is 27745149 a multiple of 30?
False
Is 656667208 a multiple of 18?
False
Is 367486035 a multiple of 259?
True
Is 486934484 a multiple of 31?
True
Is 14 a factor of 1675229108?
True
Is 30808264 a multiple of 212?
True
Is 16547226 a multiple of 87?
True
Does 32 divide 607142225?
False
Does 1511 divide 2403624242?
False
Is 398 a factor of 458685448?
True
Does 60 divide 90670980?
True
Is 3 a factor of 1677468?
True
Is 851 a factor of 5642981?
True
Does 1265 divide 241784510?
True
Is 3555691572 a multiple of 109?
False
Is 413 a factor of 115391374?
True
Is 344494962 a multiple of 117?
False
Is 156 a factor of 3534492?
True
Is 65 a factor of 29204630?
True
Is 549186794 a multiple of 7767?
False
Is 287 a factor of 1764166584?
False
Does 4 divide 169853617?
False
Is 45 a factor of 231903000?
True
Is 1910101240 a multiple of 145?
True
Is 25 a factor of 197300314?
False
Is 24 a factor of 98218626?
False
Is 21607031 a multiple of 2537?
False
Is 10 a factor of 97605350?
True
Is 7809732 a multiple of 126?
True
Is 1927537054 a multiple of 1268?
False
Does 28 divide 23838149?
False
Is 82326192 a multiple of 78?
True
Does 10 divide 193589434?
False
Does 4 divide 10464103?
False
Is 94 a factor of 21609516?
False
Is 33138021 a multiple of 1037?
False
Does 364 divide 287905?
False
Does 1159 divide 1562726481?
False
Does 2 divide 386821?
False
Does 32 divide 15153024?
True
Does 6 divide 18745452?
True
Is 9 a factor of 200239262?
False
Is 10694580 a multiple of 3?
True
Is 20 a factor of 81973815?
False
Does 20 divide 252189190?
False
Is 147452160 a multiple of 570?
True
Is 299 a factor of 310394890?
True
Does 655 divide 316237930?
True
Is 9515662 a multiple of 14?
False
Does 60 divide 2050415763?
False
Is 34601930 a multiple of 290?
True
Does 247 divide 98217421?
False
Is 159 a factor of 83555412?
False
Is 238707208 a multiple of 1154?
True
Is 19997214 a multiple of 774?
False
Is 848 a factor of 11372528?
True
Is 34 a factor of 7313162?
True
Is 28 a factor of 54374292?
True
Does 16 divide 44407936?
True
Is 16586740 a multiple of 10?
True
Does 3279 divide 61717338?
True
Is 3 a factor of 21723610?
False
Does 4064 divide 2896616000?
True
Is 746985951 a multiple of 9?
True
Is 6 a factor of 244632561?
False
Is 3 a factor of 5429482?
False
Is 24 a factor of 249575765?
False
Does 61 divide 9651359?
True
Is 20 a factor of 475461964?
False
Is 44602338 a multiple of 4613?
False
Is 3140 a factor of 144487100?
True
Is 9 a factor of 50713270?
False
Is 1665 a factor of 1715966041?
False
Is 1200805 a multiple of 42?
False
Is 5183858 a multiple of 739?
False
Is 86968566 a multiple of 6?
True
Is 372665286 a multiple of 483?
False
Is 189061478 a multiple of 10?
False
Does 8699 divide 2994006688?
False
Is 103 a factor of 98491793?
True
Does 78 divide 874275209?
False
Is 192 a factor of 9029041?
False
Does 205 divide 1581561349?
False
Is 154459999 a multiple of 444?
False
Is 1338 a factor of 32113460?
False
Does 4 divide 668852?
True
Is 34824104 a multiple of 296?
True
Is 15 a factor of 43816650?
True
Does 717 divide 1073249337?
True
Is 6138840 a multiple of 77?
False
Does 184 divide 83009208?
True
Does 606 divide 37372547?
False
Does 299 divide 3508741751?
False
Does 71 divide 153103227?
False
Is 36242424 a multiple of 1368?
True
Does 83 divide 16538890?
False
Is 98906731 a multiple of 640?
False
Is 3881971 a multiple of 7?
False
Is 2523256 a multiple of 3?
False
Is 6587280 a multiple of 36?
True
Is 5302 a factor of 1532532496?
True
Is 5265 a factor of 227710083?
False
Is 48354951 a multiple of 894?
False
Does 23 divide 82022669?
True
Is 22779539 a multiple of 23?
False
Is 53616318 a multiple of 21?
True
Does 27 divide 2375748193?
False
Does 156 divide 28212208?
False
Is 704669802 a multiple of 569?
False
Is 1008 a factor of 4786003152?
True
Is 4 a factor of 989473431?
False
Does 33 divide 53339425?
False
Is 155 a factor of 605041644?
False
Does 46 divide 9637402?
False
Does 53 divide 60634385?
True
Is 265 a factor of 864393430?
True
Is 951114976 a multiple of 224?
True
Is 526 a factor of 1430191694?
False
Is 91590258 a multiple of 43?
True
Does 16 divide 35782128?
True
Is 11 a factor of 2410177?
True
Does 10 divide 33250180?
True
Is 34 a factor of 10104573?
False
Does 6 divide 14499972?
True
Does 27 divide 309576654?
True
Does 22 divide 386314610?
True
Is 123 a factor of 2432570818?
False
Is 109604976 a multiple of 156?
True
Does 94 divide 878553328?
True
Does 1412 divide 411596941?
False
Is 326647275 a multiple of 239?
True
Is 722784609 a multiple of 1786?
False
Is 33628324 a multiple of 1948?
True
Is 3884 a factor of 153961169?
False
Does 61 divide 239617089?
True
Does 6 divide 9655272?
True
Is 17308069 a multiple of 2553?
False
Does 486 divide 167394438?
True
Is 84112240 a multiple of 40?
True
Is 104497620 a multiple of 20?
True
Is 134184972 a multiple of 6?
True
Does 33 divide 52206323?
False
Is 228450085 a multiple of 3?
False
Is 957 a factor of 18483746?
False
Does 19 divide 284746629?
False
Is 142716749 a multiple of 344?
False
Is 88 a factor of 933959048?
True
Does 14 divide 3650381546?
True
Is 548800782 a multiple of 6?
True
Does 6 divide 52358838?
True
Does 9 divide 22738877?
False
Is 67170990 a multiple of 13?
False
Is 6 a factor of 117314450?
False
Is 7536549 a multiple of 10?
False
Is 33 a factor of 255537975?
True
Does 120 divide 2089733?
False
Does 514 divide 146102293?
False
Does 30 divide 850164682?
False
Is 1700324352 a multiple of 8292?
True
Does 6361 divide 444877367?
False
Does 219 divide 901682?
False
Is 145 a factor of 355580745?
True
Is 229 a factor of 43694373?
False
Doe